to base 2.
1000010010010
Convert -110 (base 6) to base 8.
-52
3425 (base 9) to base 16
9e6
Convert 14b (base 13) to base 7.
451
-14142 (base 6) to base 14
-b4a
Convert 11201 (base 3) to base 9.
151
What is -4972 (base 10) in base 3?
-20211011
21132100 (base 4) to base 10
38800
405 (base 13) to base 9
836
Convert -301101 (base 4) to base 10.
-3153
Convert -12e (base 16) to base 10.
-302
What is -1222 (base 3) in base 4?
-311
3122 (base 7) to base 9
1445
What is 9280 (base 13) in base 11?
14208
Convert -25054 (base 8) to base 6.
-121552
What is -3213 (base 6) in base 14?
-3a1
Convert 311 (base 9) to base 13.
166
4243113 (base 5) to base 11
49924
What is 77a3 (base 14) in base 5?
1130343
-2068 (base 9) to base 4
-113300
Convert -341 (base 12) to base 4.
-13201
6269 (base 14) to base 6
210245
5667 (base 10) to base 15
1a2c
-25005 (base 8) to base 3
-112202102
4403 (base 5) to base 13
375
What is -27340 (base 9) in base 7?
-104643
Convert -11730 (base 8) to base 5.
-130310
Convert 36455 (base 7) to base 3.
111000202
What is 11 (base 14) in base 13?
12
10132 (base 8) to base 9
5661
-bd0d (base 14) to base 5
-2021440
What is 10805 (base 13) in base 14?
ac90
What is 110010 (base 2) in base 3?
1212
What is -2a7 (base 13) in base 16?
-1db
Convert 1304 (base 11) to base 6.
11510
What is 4225 (base 6) in base 10?
953
13233 (base 6) to base 13
c09
What is -637 (base 8) in base 10?
-415
Convert -17d (base 14) to base 12.
-217
-2253 (base 6) to base 2
-1000011001
What is 1647 (base 16) in base 4?
1121013
What is -13431 (base 5) in base 12?
-790
8a6 (base 13) to base 3
2001010
What is -344454 (base 6) in base 15?
-8b54
What is 9773 (base 11) in base 15?
3c56
Convert -104124 (base 7) to base 16.
-4746
Convert 14423 (base 7) to base 15.
12ab
-362 (base 14) to base 10
-674
What is 2908 (base 14) in base 3?
100221220
-3030 (base 4) to base 12
-150
Convert -1210012 (base 3) to base 9.
-1705
Convert 10511 (base 10) to base 8.
24417
What is -100010001110110 (base 2) in base 11?
-12193
-10100101000 (base 2) to base 3
-1210220
What is -135115 (base 6) in base 3?
-122112202
What is 3591 (base 15) in base 13?
524b
Convert -134043 (base 5) to base 4.
-1112103
What is -c9 (base 14) in base 11?
-151
683 (base 9) to base 14
2c1
What is 1211 (base 3) in base 9?
54
-533 (base 16) to base 14
-6b1
What is -1621 (base 16) in base 11?
-4290
What is 481c (base 16) in base 10?
18460
8702 (base 14) to base 2
101101100011110
What is a25 (base 11) in base 7?
3415
Convert -672 (base 8) to base 11.
-372
45053 (base 8) to base 2
100101000101011
-22430 (base 5) to base 16
-64f
-12b8 (base 15) to base 12
-2392
-1202202 (base 4) to base 6
-45110
Convert -61a (base 11) to base 5.
-10442
Convert -a8 (base 11) to base 16.
-76
What is 102 (base 6) in base 7?
53
Convert -2879 (base 16) to base 4.
-2201321
2956 (base 13) to base 5
142421
-1257 (base 9) to base 13
-577
11104 (base 5) to base 9
1055
What is 260 (base 11) in base 3?
102102
What is -2001031 (base 4) in base 5?
-231034
-103320 (base 4) to base 14
-66c
What is 46c6 (base 14) in base 12?
7172
3222 (base 9) to base 2
100101000001
What is 100 (base 3) in base 4?
21
Convert 10657 (base 8) to base 11.
3446
What is -110000011000 (base 2) in base 8?
-6030
What is -10112121 (base 3) in base 11?
-1a37
What is -1131 (base 10) in base 5?
-14011
10001010111011 (base 2) to base 14
3351
What is -111100000011 (base 2) in base 7?
-14130
Convert -10 (base 9) to base 4.
-21
37 (base 16) to base 10
55
4017 (base 8) to base 10
2063
-4328 (base 11) to base 15
-1a62
Convert -b56 (base 13) to base 15.
-88a
What is 23534 (base 6) in base 10?
3442
-12300212 (base 4) to base 13
-c7a9
-1351 (base 8) to base 4
-23221
16447 (base 8) to base 11
5675
What is 14b (base 13) in base 8?
350
Convert -4205 (base 6) to base 9.
-1255
-1427 (base 8) to base 2
-1100010111
-10120 (base 3) to base 14
-6c
What is -13805 (base 10) in base 15?
-4155
Convert 190a (base 11) to base 7.
10041
7e (base 15) to base 14
87
What is 12600 (base 7) in base 2?
110100110101
Convert -101110101 (base 2) to base 16.
-175
What is 17 (base 15) in base 9?
24
Convert -97e (base 16) to base 15.
-ac0
-2ebc (base 15) to base 13
-4782
What is -2cb (base 14) in base 9?
-704
Convert -153555 (base 7) to base 2.
-111010110101110
110000000011 (base 2) to base 12
1943
724 (base 10) to base 4
23110
Convert -121102 (base 3) to base 16.
-1bb
Convert 2262 (base 8) to base 15.
552
5133 (base 7) to base 3
2110020
What is -5564 (base 7) in base 6?
-13142
5242 (base 8) to base 3
10201211
What is 3a30 (base 12) in base 11?
5005
4023 (base 15) to base 13
6210
-216a1 (base 11) to base 15
-94ba
677 (base 8) to base 12
313
3236 (base 7) to base 13
6aa
Convert -296 (base 15) to base 4.
-21033
-220 (base 10) to base 4
-3130
Convert -11010001000 (base 2) to base 12.
-b74
What is -426 (base 8) in base 13?
-185
-4611 (base 11) to base 5
-143222
Convert -ab23 (base 13) to base 2.
-101110100110010
What is 874 (base 11) in base 10?
1049
-31 (base 15) to base 12
-3a
-11 (base 11) to base 9
-13
102 (base 9) to base 10
83
1adc (base 14) to base 16
1322
242520 (base 6) to base 5
1140420
-201100 (base 3) to base 16
-20a
-1259 (base 15) to base 9
-5323
-213 (base 9) to base 6
-450
-11100000010010 (base 2) to base 15
-43be
2552 (base 10) to base 16
9f8
b4c3 (base 16) to base 15
daa0
12803 (base 10) to base 6
135135
What is -346 (base 10) in base 13?
-208
-2011110 (base 3) to base 10
-1578
Convert 10444 (base 8) to base 6.
32152
-6738 (base 12) to base 6
-124512
Convert -13401 (base 5) to base 8.
-2115
What is 5f69 (base 16) in base 5?
1240200
What is -28c (base 14) in base 3?
-201010
What is 143343 (base 5) in base 6?
44122
19 (base 12) to base 2
10101
What is -2a25 (base 11) in base 4?
-330323
-12020 (base 4) to base 7
-1100
What is 292c (base 14) in base 13?
341c
13e0 (base 15) to base 16
10a4
What is 1376 (base 11) in base 5?
24102
Convert -800 (base 9) to base 13.
-3ab
Convert -2022 (base 16) to base 10.
-8226
What is -2399 (base 11) in base 7?
-12064
What is -2446 (base 8) in base 10?
-1318
What is -c8d (base 14) in base 10?
-2477
-395 (base 10) to base 13
-245
-706 (base 14) to base 15
-61d
Convert -1215040 (base 6) to base 8.
-176140
Convert 1952 (base 10) to base 12.
1168
Convert 33113311 (base 4) to base 14.
18d37
What is 38c (base 15) in base 12?
573
What is -22212221 (base 3) in base 15?
-1dbd
Convert 5790 (base 13) to base 16.
2ffd
-613 (base 14) to base 16
-4a9
Convert 8b7 (base 15) to base 2.
11110110100
-105412 (base 7) to base 6
-222411
What is 416 (base 15) in base 9?
1233
What is 123100 (base 4) in base 16?
6d0
Convert -11b (base 15) to base 7.
-506
Convert -41402 (base 5) to base 11.
-205a
Convert -3020 (base 4) to base 7.
-404
-206 (base 14) to base 8
-616
What is 31300 (base 4) in base 11?
730
What is -1061 (base 14) in base 11?
-2142
Convert -229a (base 12) to base 16.
-f16
Convert 1176 (base 11) to base 5.
22120
What is 14b (base 12) in base 8?
313
Convert 2d59 (base 14) to base 7.
32442
What is 4128 (base 14) in base 9?
16333
10011111 (base 2) to base 4
2133
What is -102110 (base 3) in base 15?
-159
2100000210 (base 3) to base 7
250650
-11023 (base 4) to base 2
-101001011
Convert 3e6e (base 15) to base 7.
54002
Convert 34032 (base 8) to base 10.
14362
-141130 (base 5) to base 6
-42450
13214 (base 7) to base 16
dd3
What is -9225 (base 16) in base 14?
-d8c5
What is dc (base 14) in base 7?
365
15477 (base 11) to base 9
32883
Convert -29a (base 11) to base 10.
-351
What is -71c (base 16) in base 4?
-130130
-4413 (base 5) to base 15
-2a8
Convert 7aec (base 16) to base 13.
11428
What is -8905 (base 10) in base 9?
-13184
18c (base 15) to base 11
2a5
-9d10 (base 15) to base 10
-33315
-152513 (base 6) to base 11
-101a5
Convert -40843 (base 10) to base 9.
-62021
-1843a (base 11) to base 6
-315304
Convert 255222 (base 6) to base 9.
34735
Convert 10004 (base 5) to base 4.
21311
-106646 (base 7) to base 6
-224505
Convert -186 (base 16) to base 7.
-1065
What is 1110010100100 (base 2) in base 3?
101001120
100111111000000 (base 2) to base 13
93a6
What is 42a2 (base 12) in base 14?
2950
Convert -1964 (base 11) to base 2.
-100110111010
-15 (base 9) to base 16
-e
-102221 (base 3) to base 7
-640
What is 5400 (base 15) in base 14